{"id":585,"date":"2025-08-26T09:16:09","date_gmt":"2025-08-26T07:16:09","guid":{"rendered":"https:\/\/projets-tm.fr\/?page_id=585"},"modified":"2025-08-28T09:43:48","modified_gmt":"2025-08-28T07:43:48","slug":"fcmd-gmbh","status":"publish","type":"page","link":"https:\/\/projets-tm.fr\/?page_id=585","title":{"rendered":"FCMD GmbH"},"content":{"rendered":"\n<p>Dans le cadre d&rsquo;une formation d&rsquo;ing\u00e9nieur, les \u00e9tudiants doivent r\u00e9aliser un stage de plusieurs semaines \u00e0 l&rsquo;\u00e9tranger. L&rsquo;occasion pour moi de partir pendant 2 mois \u00e0 FCMD GmbH \u00e0 Hattingen en Allemagne.<\/p>\n\n\n\n<p>FCMD GmbH est une entreprise du Goupe CIF sp\u00e9cialis\u00e9e dans l&rsquo;usinage de pi\u00e8ces de grandes dimensions pour les secteurs minier, sid\u00e9rurgique, cimentier et de l&rsquo;\u00e9nergie.<\/p>\n\n\n\n<p>Les ateliers r\u00e9partis sur 4 b\u00e2timents abritent deux fraiseuses, deux tours, deux tailleuses et un centre d&rsquo;usinage de grandes dimensions. Avec son centre d&rsquo;usinage le VCBM16, l&rsquo;un des plus grands d&rsquo;Europe, FCMD est capable de tourner, fraiser, tailler et percer des couronnes jusqu&rsquo;\u00e0 16 m\u00e8tres de diam\u00e8tre sur 1,5 m\u00e8tre de haut et 450 tonnes.<\/p>\n\n\n\n<figure class=\"wp-block-image size-large\"><img loading=\"lazy\" decoding=\"async\" width=\"1024\" height=\"768\" src=\"https:\/\/projets-tm.fr\/wp-content\/uploads\/2025\/08\/20250814_142521-1024x768.jpg\" alt=\"\" class=\"wp-image-586\" srcset=\"https:\/\/projets-tm.fr\/wp-content\/uploads\/2025\/08\/20250814_142521-1024x768.jpg 1024w, https:\/\/projets-tm.fr\/wp-content\/uploads\/2025\/08\/20250814_142521-300x225.jpg 300w, https:\/\/projets-tm.fr\/wp-content\/uploads\/2025\/08\/20250814_142521-768x576.jpg 768w, https:\/\/projets-tm.fr\/wp-content\/uploads\/2025\/08\/20250814_142521-1536x1152.jpg 1536w, https:\/\/projets-tm.fr\/wp-content\/uploads\/2025\/08\/20250814_142521-2048x1536.jpg 2048w, https:\/\/projets-tm.fr\/wp-content\/uploads\/2025\/08\/20250814_142521-1170x878.jpg 1170w\" sizes=\"(max-width: 1024px) 100vw, 1024px\" \/><figcaption class=\"wp-element-caption\">Couronne diam\u00e8tre 11,5 m\u00e8tres sur le VCBM16<\/figcaption><\/figure>\n\n\n\n<h2 class=\"wp-block-heading\">Les missions pendant le stage<\/h2>\n\n\n\n<p>En lien avec mon apprentissage \u00e0 la Fonderie et Aci\u00e9rie de Denain, j&rsquo;ai pu suivre pendant toute cette p\u00e9riode les diff\u00e9rentes \u00e9tapes d&rsquo;usinage sur une couronne en quatre parties de diam\u00e8tre 11,5 m coul\u00e9e \u00e0 Denain. L&rsquo;occasion pour moi de replonger dans les gammes de fabrication, la programmation, les conditions de coupe, les montages d&rsquo;usinage et les diff\u00e9rents contr\u00f4les non-destructifs et ainsi voir et comprendre les enjeux qu&rsquo;ont les usineurs sur des pi\u00e8ces de grandes dimensions.<\/p>\n\n\n\n<p>En missions annexes, j&rsquo;ai pu d\u00e9velopper et dimensionner en suivant les cahiers des charges diff\u00e9rents dispositifs pour les homologations des ponts roulants (capacit\u00e9 de levage de 160 tonnes) et la mise en valeur\/exposition d&rsquo;une portion de couronne de 17 tonnes \u00e0 l&rsquo;entr\u00e9e de l&rsquo;usine.<\/p>\n\n\n<p style=\"text-align: center;\"><iframe loading=\"lazy\" style=\"border: 0;\" src=\"https:\/\/www.google.com\/maps\/embed?pb=!1m18!1m12!1m3!1d793.088837545006!2d7.191471169420189!3d51.41516819081813!2m3!1f0!2f0!3f0!3m2!1i1024!2i768!4f13.1!3m3!1m2!1s0x47b8df0eb034e5bf%3A0x937571eeafeea345!2sFCMD!5e1!3m2!1sfr!2sde!4v1756192033764!5m2!1sfr!2sde\" width=\"600\" height=\"450\" allowfullscreen=\"allowfullscreen\"><\/iframe><\/p>","protected":false},"excerpt":{"rendered":"<p>Dans le cadre d&rsquo;une formation d&rsquo;ing\u00e9nieur, les \u00e9tudiants doivent r\u00e9aliser un stage de plusieurs semaines \u00e0 l&rsquo;\u00e9tranger. L&rsquo;occasion pour moi de partir pendant 2 mois \u00e0 FCMD GmbH \u00e0 Hattingen en Allemagne. FCMD GmbH est une entreprise du Goupe CIF sp\u00e9cialis\u00e9e dans l&rsquo;usinage de pi\u00e8ces de grandes dimensions pour les secteurs minier, sid\u00e9rurgique, cimentier et [&hellip;]<\/p>\n","protected":false},"author":1,"featured_media":0,"parent":0,"menu_order":0,"comment_status":"closed","ping_status":"closed","template":"","meta":{"footnotes":""},"_links":{"self":[{"href":"https:\/\/projets-tm.fr\/index.php?rest_route=\/wp\/v2\/pages\/585"}],"collection":[{"href":"https:\/\/projets-tm.fr\/index.php?rest_route=\/wp\/v2\/pages"}],"about":[{"href":"https:\/\/projets-tm.fr\/index.php?rest_route=\/wp\/v2\/types\/page"}],"author":[{"embeddable":true,"href":"https:\/\/projets-tm.fr\/index.php?rest_route=\/wp\/v2\/users\/1"}],"replies":[{"embeddable":true,"href":"https:\/\/projets-tm.fr\/index.php?rest_route=%2Fwp%2Fv2%2Fcomments&post=585"}],"version-history":[{"count":8,"href":"https:\/\/projets-tm.fr\/index.php?rest_route=\/wp\/v2\/pages\/585\/revisions"}],"predecessor-version":[{"id":612,"href":"https:\/\/projets-tm.fr\/index.php?rest_route=\/wp\/v2\/pages\/585\/revisions\/612"}],"wp:attachment":[{"href":"https:\/\/projets-tm.fr\/index.php?rest_route=%2Fwp%2Fv2%2Fmedia&parent=585"}],"curies":[{"name":"wp","href":"https:\/\/api.w.org\/{rel}","templated":true}]}}