{"id":253,"date":"2024-02-13T14:53:40","date_gmt":"2024-02-13T13:53:40","guid":{"rendered":"https:\/\/projets-tm.fr\/?page_id=253"},"modified":"2025-01-05T23:11:19","modified_gmt":"2025-01-05T22:11:19","slug":"bogie-pershing","status":"publish","type":"page","link":"https:\/\/projets-tm.fr\/?page_id=253","title":{"rendered":"Bogie P\u00e9chot"},"content":{"rendered":"\n<p>L&rsquo;une de mes premi\u00e8res r\u00e9alisations est la mod\u00e9lisation d&rsquo;un bogie complet \u00ab\u00a0P\u00e9chot\u00a0\u00bb. Ce bogie construit en 1888 pour l&rsquo;arm\u00e9e fran\u00e7aise a servi au d\u00e9placement des vivres, munitions et troupes pendant la Premi\u00e8re et Deuxi\u00e8me guerre mondiale. La majorit\u00e9 de notre mat\u00e9riel roulant au Chemin de fer de Rill\u00e9 roule sur des bogies P\u00e9chot.<\/p>\n\n\n\n<figure class=\"wp-block-video\"><video autoplay controls loop muted src=\"https:\/\/projets-tm.fr\/wp-content\/uploads\/2024\/09\/Bogie-Pechot-Presentation-3D-render.mp4\"><\/video><figcaption class=\"wp-element-caption\">Bogie P\u00e9chot<\/figcaption><\/figure>\n\n\n\n<figure class=\"wp-block-image size-large\"><img loading=\"lazy\" decoding=\"async\" width=\"1024\" height=\"542\" src=\"https:\/\/projets-tm.fr\/wp-content\/uploads\/2024\/05\/bogie_pechot-i-1024x542.png\" alt=\"\" class=\"wp-image-429\" srcset=\"https:\/\/projets-tm.fr\/wp-content\/uploads\/2024\/05\/bogie_pechot-i-1024x542.png 1024w, https:\/\/projets-tm.fr\/wp-content\/uploads\/2024\/05\/bogie_pechot-i-300x159.png 300w, https:\/\/projets-tm.fr\/wp-content\/uploads\/2024\/05\/bogie_pechot-i-768x406.png 768w, https:\/\/projets-tm.fr\/wp-content\/uploads\/2024\/05\/bogie_pechot-i-1536x812.png 1536w, https:\/\/projets-tm.fr\/wp-content\/uploads\/2024\/05\/bogie_pechot-i-1170x619.png 1170w, https:\/\/projets-tm.fr\/wp-content\/uploads\/2024\/05\/bogie_pechot-i.png 1541w\" sizes=\"(max-width: 1024px) 100vw, 1024px\" \/><\/figure>\n\n\n\n<figure class=\"wp-block-image size-large\"><img loading=\"lazy\" decoding=\"async\" width=\"1024\" height=\"542\" src=\"https:\/\/projets-tm.fr\/wp-content\/uploads\/2024\/05\/bogie_pechot-ii-1024x542.png\" alt=\"\" class=\"wp-image-430\" srcset=\"https:\/\/projets-tm.fr\/wp-content\/uploads\/2024\/05\/bogie_pechot-ii-1024x542.png 1024w, https:\/\/projets-tm.fr\/wp-content\/uploads\/2024\/05\/bogie_pechot-ii-300x159.png 300w, https:\/\/projets-tm.fr\/wp-content\/uploads\/2024\/05\/bogie_pechot-ii-768x406.png 768w, https:\/\/projets-tm.fr\/wp-content\/uploads\/2024\/05\/bogie_pechot-ii-1536x812.png 1536w, https:\/\/projets-tm.fr\/wp-content\/uploads\/2024\/05\/bogie_pechot-ii-1170x619.png 1170w, https:\/\/projets-tm.fr\/wp-content\/uploads\/2024\/05\/bogie_pechot-ii.png 1541w\" sizes=\"(max-width: 1024px) 100vw, 1024px\" \/><\/figure>\n\n\n\n<figure class=\"wp-block-image size-large\"><img loading=\"lazy\" decoding=\"async\" width=\"1024\" height=\"542\" src=\"https:\/\/projets-tm.fr\/wp-content\/uploads\/2024\/05\/bogie_pechot-iii-1024x542.png\" alt=\"\" class=\"wp-image-431\" srcset=\"https:\/\/projets-tm.fr\/wp-content\/uploads\/2024\/05\/bogie_pechot-iii-1024x542.png 1024w, https:\/\/projets-tm.fr\/wp-content\/uploads\/2024\/05\/bogie_pechot-iii-300x159.png 300w, https:\/\/projets-tm.fr\/wp-content\/uploads\/2024\/05\/bogie_pechot-iii-768x406.png 768w, https:\/\/projets-tm.fr\/wp-content\/uploads\/2024\/05\/bogie_pechot-iii-1536x812.png 1536w, https:\/\/projets-tm.fr\/wp-content\/uploads\/2024\/05\/bogie_pechot-iii-1170x619.png 1170w, https:\/\/projets-tm.fr\/wp-content\/uploads\/2024\/05\/bogie_pechot-iii.png 1541w\" sizes=\"(max-width: 1024px) 100vw, 1024px\" \/><\/figure>\n\n\n\n<p class=\"has-text-align-center\">Mod\u00e9lisation 3D du bogie<\/p>\n\n\n\r\n        <div class=\"modelViewerBlock\" data-attributes='{&quot;align&quot;:&quot;center&quot;,&quot;uniqueId&quot;:&quot;model302&quot;,&quot;currentViewer&quot;:&quot;O3DViewer&quot;,&quot;multiple&quot;:false,&quot;model&quot;:{&quot;modelUrl&quot;:&quot;http:\\\/\\\/projets-tm.fr\\\/wp-content\\\/uploads\\\/2024\\\/02\\\/bogie_pechot.obj&quot;,&quot;poster&quot;:&quot;&quot;},&quot;O3DVSettings&quot;:{&quot;isFullscreen&quot;:true,&quot;isPagination&quot;:false,&quot;isNavigation&quot;:true,&quot;camera&quot;:null,&quot;mouseControl&quot;:true},&quot;models&quot;:[],&quot;lazyLoad&quot;:false,&quot;loading&quot;:&quot;auto&quot;,&quot;autoplay&quot;:false,&quot;shadow&quot;:true,&quot;autoRotate&quot;:false,&quot;zoom&quot;:true,&quot;isPagination&quot;:false,&quot;isNavigation&quot;:true,&quot;preload&quot;:&quot;auto&quot;,&quot;rotationPerSecond&quot;:&quot;30&quot;,&quot;mouseControl&quot;:true,&quot;fullscreen&quot;:true,&quot;variant&quot;:false,&quot;loadingPercentage&quot;:false,&quot;progressBar&quot;:true,&quot;rotate&quot;:false,&quot;rotateAlongX&quot;:&quot;0&quot;,&quot;rotateAlongY&quot;:&quot;75&quot;,&quot;exposure&quot;:&quot;1&quot;,&quot;styles&quot;:{&quot;width&quot;:&quot;100%&quot;,&quot;height&quot;:&quot;700px&quot;,&quot;bgColor&quot;:&quot;transparent&quot;,&quot;progressBarColor&quot;:&quot;&quot;},&quot;stylesheet&quot;:null,&quot;additional&quot;:{&quot;ID&quot;:&quot;&quot;,&quot;Class&quot;:&quot;&quot;,&quot;CSS&quot;:&quot;&quot;},&quot;animation&quot;:false,&quot;woo&quot;:false,&quot;selectedAnimation&quot;:&quot;&quot;}'><\/div>\r\n\r\n        \n\n\n\n<p class=\"has-text-align-center\">Mod\u00e8le 3D du bogie P\u00e9chot<\/p>\n\n\n\n<p>J&rsquo;ai r\u00e9alis\u00e9 des impressions 3D des sabots de frein pour en faire des mod\u00e8les de fonderie.<\/p>\n\n\n\n<p>J&rsquo;ai aussi imprim\u00e9 et d\u00e9coup\u00e9 \u00e0 la jet d&rsquo;eau des pi\u00e8ces \u00e0 l&rsquo;\u00e9chelle 1\/4,75\u00e8me pour faire un bogie miniature.<\/p>\n\n\n\n<figure class=\"wp-block-image size-large\"><img loading=\"lazy\" decoding=\"async\" width=\"768\" height=\"1024\" src=\"https:\/\/projets-tm.fr\/wp-content\/uploads\/2024\/02\/MicrosoftTeams-image-60-768x1024.jpg\" alt=\"\" class=\"wp-image-277\" srcset=\"https:\/\/projets-tm.fr\/wp-content\/uploads\/2024\/02\/MicrosoftTeams-image-60-768x1024.jpg 768w, https:\/\/projets-tm.fr\/wp-content\/uploads\/2024\/02\/MicrosoftTeams-image-60-225x300.jpg 225w, https:\/\/projets-tm.fr\/wp-content\/uploads\/2024\/02\/MicrosoftTeams-image-60-1152x1536.jpg 1152w, https:\/\/projets-tm.fr\/wp-content\/uploads\/2024\/02\/MicrosoftTeams-image-60-1170x1560.jpg 1170w, https:\/\/projets-tm.fr\/wp-content\/uploads\/2024\/02\/MicrosoftTeams-image-60.jpg 1512w\" sizes=\"(max-width: 768px) 100vw, 768px\" \/><figcaption class=\"wp-element-caption\">D\u00e9coupe jet d&rsquo;eau des longerons du bogie<\/figcaption><\/figure>\n\n\n\n<figure class=\"wp-block-image size-large\"><img loading=\"lazy\" decoding=\"async\" width=\"1024\" height=\"768\" src=\"https:\/\/projets-tm.fr\/wp-content\/uploads\/2024\/02\/MicrosoftTeams-image-58-1024x768.jpg\" alt=\"\" class=\"wp-image-278\" srcset=\"https:\/\/projets-tm.fr\/wp-content\/uploads\/2024\/02\/MicrosoftTeams-image-58-1024x768.jpg 1024w, https:\/\/projets-tm.fr\/wp-content\/uploads\/2024\/02\/MicrosoftTeams-image-58-300x225.jpg 300w, https:\/\/projets-tm.fr\/wp-content\/uploads\/2024\/02\/MicrosoftTeams-image-58-768x576.jpg 768w, https:\/\/projets-tm.fr\/wp-content\/uploads\/2024\/02\/MicrosoftTeams-image-58-1536x1152.jpg 1536w, https:\/\/projets-tm.fr\/wp-content\/uploads\/2024\/02\/MicrosoftTeams-image-58-1170x878.jpg 1170w, https:\/\/projets-tm.fr\/wp-content\/uploads\/2024\/02\/MicrosoftTeams-image-58.jpg 2016w\" sizes=\"(max-width: 1024px) 100vw, 1024px\" \/><figcaption class=\"wp-element-caption\">Test avec des rivets cuivres et la bo\u00eete \u00e0 huile<\/figcaption><\/figure>\n\n\n\n<figure class=\"wp-block-image size-large\"><img loading=\"lazy\" decoding=\"async\" width=\"1024\" height=\"768\" src=\"https:\/\/projets-tm.fr\/wp-content\/uploads\/2024\/02\/MicrosoftTeams-image-59-1024x768.jpg\" alt=\"\" class=\"wp-image-279\" srcset=\"https:\/\/projets-tm.fr\/wp-content\/uploads\/2024\/02\/MicrosoftTeams-image-59-1024x768.jpg 1024w, https:\/\/projets-tm.fr\/wp-content\/uploads\/2024\/02\/MicrosoftTeams-image-59-300x225.jpg 300w, https:\/\/projets-tm.fr\/wp-content\/uploads\/2024\/02\/MicrosoftTeams-image-59-768x576.jpg 768w, https:\/\/projets-tm.fr\/wp-content\/uploads\/2024\/02\/MicrosoftTeams-image-59-1536x1152.jpg 1536w, https:\/\/projets-tm.fr\/wp-content\/uploads\/2024\/02\/MicrosoftTeams-image-59-2048x1536.jpg 2048w, https:\/\/projets-tm.fr\/wp-content\/uploads\/2024\/02\/MicrosoftTeams-image-59-1170x878.jpg 1170w\" sizes=\"(max-width: 1024px) 100vw, 1024px\" \/><figcaption class=\"wp-element-caption\">Impression 3D (en vert) du sabot de frein<\/figcaption><\/figure>\n\n\n\n<h2 class=\"wp-block-heading\"><\/h2>\n","protected":false},"excerpt":{"rendered":"<p>L&rsquo;une de mes premi\u00e8res r\u00e9alisations est la mod\u00e9lisation d&rsquo;un bogie complet \u00ab\u00a0P\u00e9chot\u00a0\u00bb. Ce bogie construit en 1888 pour l&rsquo;arm\u00e9e fran\u00e7aise a servi au d\u00e9placement des vivres, munitions et troupes pendant la Premi\u00e8re et Deuxi\u00e8me guerre mondiale. La majorit\u00e9 de notre mat\u00e9riel roulant au Chemin de fer de Rill\u00e9 roule sur des bogies P\u00e9chot. Mod\u00e9lisation 3D [&hellip;]<\/p>\n","protected":false},"author":1,"featured_media":0,"parent":0,"menu_order":0,"comment_status":"closed","ping_status":"closed","template":"","meta":{"footnotes":""},"_links":{"self":[{"href":"https:\/\/projets-tm.fr\/index.php?rest_route=\/wp\/v2\/pages\/253"}],"collection":[{"href":"https:\/\/projets-tm.fr\/index.php?rest_route=\/wp\/v2\/pages"}],"about":[{"href":"https:\/\/projets-tm.fr\/index.php?rest_route=\/wp\/v2\/types\/page"}],"author":[{"embeddable":true,"href":"https:\/\/projets-tm.fr\/index.php?rest_route=\/wp\/v2\/users\/1"}],"replies":[{"embeddable":true,"href":"https:\/\/projets-tm.fr\/index.php?rest_route=%2Fwp%2Fv2%2Fcomments&post=253"}],"version-history":[{"count":28,"href":"https:\/\/projets-tm.fr\/index.php?rest_route=\/wp\/v2\/pages\/253\/revisions"}],"predecessor-version":[{"id":553,"href":"https:\/\/projets-tm.fr\/index.php?rest_route=\/wp\/v2\/pages\/253\/revisions\/553"}],"wp:attachment":[{"href":"https:\/\/projets-tm.fr\/index.php?rest_route=%2Fwp%2Fv2%2Fmedia&parent=253"}],"curies":[{"name":"wp","href":"https:\/\/api.w.org\/{rel}","templated":true}]}}